ppose x = 9*p + 3*p. What are the prime factors of p?
2, 11
Let x(z) = -65*z**2 - 9*z + 1. Let v be x(-1). Let a(t) = -29*t - 3. Let o be a(-5). Let p = o + v. What are the prime factors of p?
3, 29
Suppose 8*l - 876 = 5*l. Suppose -30*d + l = -28*d. List the prime factors of d.
2, 73
Let n(h) = 98*h - 7. Let w be n(1). Suppose -179 = -5*j + w. List the prime factors of j.
2, 3
Let s(r) = r**3 - 14*r**2 - 33*r + 18. Let v be s(16). Suppose -2 = -v*g + 2. Suppose t - g = 35. List the prime factors of t.
37
Suppose -7*o = -57*o + 6*o + 141988. List the prime factors of o.
7, 461
Suppose 0 = k + k - 10. Suppose k*c - 5*a = 15, c - 2*a + 19 = 4*c. Let w = c + 80. List the prime factors of w.
5, 17
Let y = -30739 - -65354. What are the prime factors of y?
5, 7, 23, 43
Let o(w) = 240*w**2 + 75*w - 149. List the prime factors of o(2).
31
Let t = -194 - -137. List the prime factors of (209/t)/(1/(-33)).
11
Let i(a) = -a**3 - 21*a**2 + 30*a + 41. List the prime factors of i(-25).
3, 199
Let h = -789 + 440. Let l = 608 + h. List the prime factors of l.
7, 37
Let z(k) = 523*k**3 + 7*k**2 - 12*k + 7. List the prime factors of z(2).
5, 839
Let r(q) = -q + 24. Let y be r(28). Let n(o) = -126*o - 73. What are the prime factors of n(y)?
431
Let n(s) = -9*s**3 - 8*s**2 - 13*s - 12. Let p be n(-2). Suppose 0*a + 200 = 5*a. Let m = a + p. List the prime factors of m.
2, 47
Suppose 4*b - 20689 = 5*g, -1316*g = -b - 1320*g + 5146. What are the prime factors of b?
2, 3, 7, 41
Let n = -86144 - -143316. List the prime factors of n.
2, 14293
Let d(z) = 4*z**3 - 4*z**2 + 7*z - 10. Suppose -17 = -5*l + 13. Let v be d(l). Suppose 9*x - v - 454 = 0. What are the prime factors of x?
2, 67
Suppose 0 = 98*p - 369*p + 3730216 + 609307. What are the prime factors of p?
67, 239
Let n(q) = 6*q**2 - 75*q + 12. Let l be n(12). Let y(i) = -2*i**2 - 67*i - 23. List the prime factors of y(l).
433
Let v(r) = -6*r - 18. Let q be (-5)/(2/6 - 2). Suppose 4 = a + q*j, 6*j - 2*j - 75 = 5*a. List the prime factors of v(a).
2, 3
Suppose -i + 5*r + 1664 - 204 = 0, 4*r = 0. Suppose i*n = 1453*n + 623. What are the prime factors of n?
89
Let i(w) = w**3 - 15*w**2 - 13*w - 36. Let o be i(16). Suppose -2*n - o = 5*t, -2*n - 2*n - 3*t = -4. List the prime factors of 53/(((-2)/n)/(-1)).
2, 53
Let d be (-16)/(-6) + (-9)/(-27). Let h(t) = -3 - 40*t + 37*t**d - 18*t**2 - 3 - 38*t**3. What are the prime factors of h(-16)?
2, 61
Suppose -3*g + 478 + 2429 = 0. Suppose 0 = -5*o + g + 1506. List the prime factors of o.
3, 5, 11
Let l be ((-10)/(-15))/((-2)/(-12)). Suppose 2*d = 5*r - 8*r + 829, 3*r - l*d = 835. What are the prime factors of r?
277
Suppose -134*g + 808099 + 2372659 = 0. List the prime factors of g.
7, 3391
Let v = 359 + -357. Suppose 0 = 3*w + 6, -7*o = -v*o + 2*w - 1531. What are the prime factors of o?
307
Suppose 0 = -13*f + 11*f - 4*v - 12, 2*v - 2 = 3*f. List the prime factors of (32518/213)/(f/(-12)).
2, 229
Suppose 101*o + 6 = 107*o. What are the prime factors of (4 + 4)/(54/53 - o)?
2, 53
Suppose -3*u + 13124 = 4*a, 0*u - 6580 = -2*a + 3*u. What are the prime factors of a/((-4)/(-2*1/1))?
2, 821
Suppose 3*j + 2*t = 695, 14*t - 10*t = 4*j - 900. Suppose -55 + j = k. List the prime factors of k.
2, 3, 29
Let m = 1740 + -246. What are the prime factors of -8*(-9)/(81/m)?
2, 83
Suppose 0*q + 2*q = -4*j + 8, -4*q + j - 2 = 0. Suppose -d - n + 590 = q, -411 - 191 = -d - 4*n. List the prime factors of d.
2, 293
Suppose -4*i = 4*l - 39288, l - 14363 = 3*i - 4553. Suppose 57*t = 83034 + l. List the prime factors of t.
3, 181
Suppose -4*i = -2387 - 16801. Suppose 9*h + 0*h - i = 0. What are the prime factors of h?
13, 41
Let h = 60496 + -33965. What are the prime factors of h?
43, 617
Suppose 2*w - 2844 = -4*c + 6*c, 0 = -5*c + 25. Let m = -1015 + w. What are the prime factors of m?
2, 103
Let w = -212 - -9461. List the prime factors of w.
3, 3083
Let v = 69325 + -44256. What are the prime factors of v?
11, 43, 53
Let h(w) = -w**2 + 26*w + 8134. What are the prime factors of h(0)?
2, 7, 83
Let d(o) = -o**3 + 147. Suppose -2*k + 15 = -k + 5*j, 3*k - 12 = -4*j. Let u be d(k). Suppose 9*q - u = 6*q. List the prime factors of q.
7
Let f(k) = -k**3 + 7*k**2 - 7*k - 6. Let v be f(6). Let y(a) = -2*a**2 - 24*a + 5. Let b be y(v). Suppose b*d - 309 = 266. What are the prime factors of d?
5, 23
Let l be -4 + ((-30)/3 - 6). List the prime factors of 952/12*(-90)/l.
3, 7, 17
Let v(b) = 4*b**3 - 13*b**2 - 21*b + 445. List the prime factors of v(20).
5, 29, 37
Let o = 6713 + -4166. What are the prime factors of o?
3, 283
Let g(l) = -34*l**2 - 20. Let y be g(6). Let b = y + 2119. What are the prime factors of b?
5, 7
Suppose 104*q + 218*q + 2371404 = 6379982. What are the prime factors of q?
59, 211
Let i(d) = d - 1. Let g be i(4). Suppose 25*b - 1200 = 9*b. Suppose 5*r = 4*f + b, 2*r - f + 15 = g*r. What are the prime factors of r?
3, 5
Let x be (-20)/(0 + -5) + -6 - -220. Suppose 2*g - 148 = x. What are the prime factors of g?
3, 61
Let a(f) = f**3 + 10*f**2 - 74*f - 21. Let o = -15 - -1. List the prime factors of a(o).
3, 7, 11
Let x(y) = y + 2. Let o be x(3). Let t be (-6 - -3)/6 - 621/(-2). Suppose o*h - 435 = h - l, 3*h + 4*l = t. List the prime factors of h.
2, 5, 11
Let u = 10622 + -9161. List the prime factors of u.
3, 487
Let q = 28127 - 16378. What are the prime factors of q?
31, 379
Let p(t) = t**2 + 9*t + 19. Let b = 66 - 16. Let s = 36 - b. List the prime factors of p(s).
89
Let s(x) = -2*x + 10. Let f be s(4). Suppose f*q + 3 = 3*q. What are the prime factors of q?
3
Let m be 2*(-4)/((-24)/189). Let f = m - 59. Let x(v) = 3*v**3 - 6*v**2 + 2*v - 7. What are the prime factors of x(f)?
97
Let r(b) = b**3 + 4*b**2 - 4*b + 4. Let l be r(-5). Let n(q) = -q**2 + 20*q - 15. Let k be n(21). What are the prime factors of ((2/3)/l)/(k/4374)?
3
Suppose 2*m - 1 + 36 = 5*h, h + 5*m + 20 = 0. Suppose -20 = 2*u + 2*u, h*u - 5499 = -4*x. What are the prime factors of x?
1381
Suppose -2*k + 4*r + 7 = -1, -4*k - 4*r = -40. List the prime factors of k/2*(14 - -3).
2, 17
List the prime factors of (2/(-4))/((-1)/((-19)/((-76)/43056))).
2, 3, 13, 23
Let q be (-1)/3*(16 + -265). Let b = 516 - q. What are the prime factors of b?
433
Let c = -2364 - -6530. List the prime factors of c.
2, 2083
Let y = 2971 + 2252. List the prime factors of y.
3, 1741
Suppose 0 = d - 2*d + 5. Suppose 0 = -2*w + r + 25 + 1251, d*w - 3196 = 4*r. List the prime factors of w.
2, 3, 53
Suppose -54*t = -51*t + 12. Let m(p) = 28*p**2 - 7*p - 20. What are the prime factors of m(t)?
2, 3, 19
Let i(y) = 58*y - 46. Let w = 201 - 191. What are the prime factors of i(w)?
2, 3, 89
Let t(g) = 2*g + 4. Let o be t(-4). Let c be o*10/(-6) + (-2)/3. Suppose -l = -x + 12 - 53, c = -3*x. List the prime factors of l.
3, 13
Let n be ((-315)/14)/(-9)*-2. What are the prime factors of (-890)/n*((-65)/(-10) - 5)?
3, 89
Suppose 73*r = -4*c + 70*r + 121084, -5*c + 5*r + 151390 = 0. List the prime factors of c.
2, 15137
Let n = 12625 + 21363. What are the prime factors of n?
2, 29, 293
List the prime factors of 15287 - 0 - 7/((-5)/((-10)/2)).
2, 5, 191
Suppose 0 = -2*i, -5*i + 26172 = -9*g + 11*g. What are the prime factors of g?
2, 3, 727
Let p(f) = -2*f**2 + 3*f + 6. Let u be p(0). Let x be (5185/(-10) - 1)*-2. Suppose u*d - 227 - x = 0. List the prime factors of d.
211
What are the prime factors of (26/2)/(4586/(-82872) - (-25)/450)?
2, 13, 1151
Let z = 72 - 59. Suppose z*u - 2689 = 3057. List the prime factors of u.
2, 13, 17
Suppose -20*b = 106*b - 605304. What are the prime factors of b?
2, 1201
Let r = -255 - -258. Suppose r*v = 3*l - 105, 18*v = -5*l + 16*v + 182. List the prime factors of l.
2, 3
Let l(m) be the second derivative of m**3/3 - 5*m**2 + m. Let t(v) = -4*v**2 + 10*v + 2. Let y be t(1). List the prime factors of l(y).
2, 3
Suppose 5*i + 16 = i, 0 = -2*h + 3*i + 732. Suppose -6*t - h = -8*t. Suppose -3*b = -5*b + t. List the prime factors of b.
2, 3, 5
List the prime factors of 204/(-459) + 164658/27 + 2.
2, 5, 61
Suppose 20*w - 9687 = 393. Suppose -129*y + w = -127*y. What are the prime factors of y?
2, 3, 7
Suppose -27*l - 4013 = -258785. List the prime factors of l.
2, 7, 337
Let j(f) = 10*f - 21. Let k be j(4). Let a(z) = 2*z**2 - 13*